{"id":1712,"date":"2020-02-27T18:02:20","date_gmt":"2020-02-27T17:02:20","guid":{"rendered":"https:\/\/twojdoktor.eu\/?page_id=1712"},"modified":"2026-03-30T12:11:12","modified_gmt":"2026-03-30T10:11:12","slug":"do-pobrania","status":"publish","type":"page","link":"https:\/\/twojdoktor.eu\/index.php\/do-pobrania\/","title":{"rendered":"Do pobrania"},"content":{"rendered":"<p>[et_pb_section fb_built=&#8221;1&#8243; use_custom_gutter=&#8221;on&#8221; specialty=&#8221;on&#8221; padding_top_2=&#8221;20px&#8221; padding_right_2=&#8221;5%&#8221; padding_2_tablet=&#8221;0px|10%||10%||true&#8221; padding_2_phone=&#8221;&#8221; padding_2_last_edited=&#8221;on|tablet&#8221; admin_label=&#8221;Ginekologia&#8221; _builder_version=&#8221;3.22&#8243; inner_width=&#8221;100%&#8221; inner_max_width=&#8221;100%&#8221; custom_padding=&#8221;0|0px|54px|0px|false|false&#8221; use_custom_width=&#8221;on&#8221; width_unit=&#8221;off&#8221; custom_width_percent=&#8221;100%&#8221; locked=&#8221;off&#8221; collapsed=&#8221;off&#8221;][et_pb_column type=&#8221;1_3&#8243; _builder_version=&#8221;3.25&#8243; custom_padding=&#8221;|||&#8221; parallax__hover=&#8221;off&#8221; parallax_method__hover=&#8221;on&#8221; custom_padding__hover=&#8221;|||&#8221;][et_pb_image src=&#8221;https:\/\/twojdoktor.eu\/wp-content\/uploads\/2020\/03\/80391541_s.jpg&#8221; force_fullwidth=&#8221;on&#8221; align_tablet=&#8221;center&#8221; align_phone=&#8221;&#8221; align_last_edited=&#8221;on|desktop&#8221; module_id=&#8221;toggledoctors&#8221; _builder_version=&#8221;4.3.4&#8243; custom_margin=&#8221;|||&#8221; custom_padding=&#8221;|||&#8221; animation_style=&#8221;slide&#8221; animation_direction=&#8221;right&#8221; animation_intensity_slide=&#8221;5%&#8221; border_radii=&#8221;||30px|15vw|&#8221; border_color_all=&#8221;rgba(129,21,211,0.73)&#8221; border_width_bottom=&#8221;2vw&#8221; box_shadow_style=&#8221;preset3&#8243; box_shadow_vertical=&#8221;30px&#8221; box_shadow_blur=&#8221;80px&#8221; box_shadow_spread=&#8221;-30px&#8221; box_shadow_color=&#8221;rgba(102,141,186,0.7)&#8221; locked=&#8221;off&#8221;][\/et_pb_image][\/et_pb_column][et_pb_column type=&#8221;2_3&#8243; specialty_columns=&#8221;2&#8243; _builder_version=&#8221;3.25&#8243; custom_padding=&#8221;|||&#8221; padding_tablet__hover=&#8221;0px|10%||10%||true&#8221; padding_last_edited__hover=&#8221;on|tablet&#8221; padding_right__hover=&#8221;5%&#8221; padding_top__hover=&#8221;20px&#8221; parallax__hover=&#8221;off&#8221; parallax_method__hover=&#8221;on&#8221; padding_tablet=&#8221;0px|10%||10%||true&#8221; padding_last_edited=&#8221;on|tablet&#8221; custom_padding__hover=&#8221;|||&#8221;][et_pb_row_inner _builder_version=&#8221;3.25&#8243; custom_padding=&#8221;42.6094px|0px|0|0px|false|false&#8221;][et_pb_column_inner saved_specialty_column_type=&#8221;2_3&#8243; _builder_version=&#8221;3.25&#8243; custom_padding=&#8221;|||&#8221; parallax__hover=&#8221;off&#8221; parallax_method__hover=&#8221;on&#8221; custom_padding__hover=&#8221;|||&#8221;][et_pb_image src=&#8221;https:\/\/twojdoktor.eu\/wp-content\/uploads\/2019\/03\/052-doctor-1-150&#215;150.png&#8221; title_text=&#8221;052-doctor-1&#8243; align=&#8221;center&#8221; align_tablet=&#8221;center&#8221; align_phone=&#8221;&#8221; align_last_edited=&#8221;on|desktop&#8221; _builder_version=&#8221;4.8.1&#8243; max_width=&#8221;10%&#8221;][\/et_pb_image][et_pb_text _builder_version=&#8221;4.3.4&#8243; text_font=&#8221;Montserrat|300|||||||&#8221; text_font_size=&#8221;16px&#8221; text_line_height=&#8221;1.8em&#8221; header_3_text_align=&#8221;left&#8221; text_orientation=&#8221;center&#8221; max_width=&#8221;800px&#8221; module_alignment=&#8221;center&#8221; custom_margin=&#8221;|||&#8221; custom_margin_tablet=&#8221;0px|50px||50px&#8221; custom_margin_last_edited=&#8221;off|desktop&#8221; custom_padding=&#8221;|||&#8221; locked=&#8221;off&#8221;]<\/p>\n<h2>Materia\u0142y do pobrania<\/h2>\n<p>[\/et_pb_text][et_pb_text _builder_version=&#8221;4.3.4&#8243; header_3_text_align=&#8221;left&#8221; text_orientation=&#8221;center&#8221; max_width=&#8221;700px&#8221; module_alignment=&#8221;center&#8221; custom_margin=&#8221;|||&#8221; custom_margin_tablet=&#8221;0px|50px||50px&#8221; custom_margin_last_edited=&#8221;off|desktop&#8221; custom_padding=&#8221;|||&#8221; hover_enabled=&#8221;0&#8243; locked=&#8221;off&#8221; sticky_enabled=&#8221;0&#8243;]<\/p>\n<p>Poni\u017cej zamieszczamy materia\u0142y do pobrania.<\/p>\n<p>[\/et_pb_text][\/et_pb_column_inner][\/et_pb_row_inner][\/et_pb_column][\/et_pb_section][et_pb_section fb_built=&#8221;1&#8243; admin_label=&#8221;Materia\u0142y do pobrania&#8221; _builder_version=&#8221;4.3.4&#8243; background_color=&#8221;#f1f5f7&#8243;][et_pb_row _builder_version=&#8221;4.3.4&#8243; background_color=&#8221;rgba(0,0,0,0)&#8221; module_alignment=&#8221;center&#8221; border_radii=&#8221;on|10px|10px|10px|10px&#8221; collapsed=&#8221;off&#8221;][et_pb_column type=&#8221;4_4&#8243; _builder_version=&#8221;3.25&#8243; custom_padding=&#8221;|||&#8221; custom_padding__hover=&#8221;|||&#8221;][et_pb_text _builder_version=&#8221;4.8.1&#8243; header_3_text_align=&#8221;left&#8221; text_orientation=&#8221;justified&#8221; custom_padding=&#8221;5px|5px|5px|5px|true|true&#8221; link_option_url_new_window=&#8221;on&#8221; hover_enabled=&#8221;0&#8243; sticky_enabled=&#8221;0&#8243;]<\/p>\n<h3><strong>Dokumenty do wype\u0142nienia przed wizyt\u0105:<\/strong><\/h3>\n<ul>\n<li><a href=\"https:\/\/twojdoktor.eu\/pliki_do_pobrania\/Formularz%20danych%20osobowych%20pacjenta%202020.pdf\"><strong>Formularz danych osobowych pacjenta<\/strong><\/a><\/li>\n<li><a href=\"https:\/\/twojdoktor.eu\/pliki_do_pobrania\/Zgoda%20na%20leczenie%20ma%C5%82oletniego.pdf\"><strong>Zgoda na wizyt\u0119 ma\u0142oletniej<\/strong><\/a><\/li>\n<li><a href=\"https:\/\/twojdoktor.eu\/wp-content\/uploads\/2022\/07\/Informacja-dotyczaca-stanu-zdrowia-pacjenta.pdf\"><strong>Ankieta zdrowotna og\u00f3lna<\/strong><\/a><\/li>\n<li><a href=\"https:\/\/twojdoktor.eu\/wp-content\/uploads\/2022\/07\/Informacja-dotyczaca-stanu-zdrowia-pacjenta-przed-zabiegami-medycyny-estetycznej.pdf\"><strong>Ankieta zdrowotna przed zabiegami medycyny estetycznej<\/strong><\/a><\/li>\n<li><a href=\"https:\/\/twojdoktor.eu\/pliki_do_pobrania\/Ankieta_dla_pacjentki_maloletniej_wywiad_ginekologiczny.pdf\"><strong>Ankieta zdrowotna dla pacjentki ma\u0142oletnie<\/strong><\/a><strong>j<\/strong><\/li>\n<li>\n<p class=\"p1\"><a href=\"https:\/\/twojdoktor.eu\/pliki_do_pobrania\/Wniosek%20o%20wydanie%20dokumentacji%20medycznej.pdf\"><strong>Wniosek o wydanie dokumentacji medycznej<\/strong><\/a><\/p>\n<\/li>\n<\/ul>\n<h3 class=\"p1\"><strong>Informatory dla pacjent\u00f3w:<\/strong><\/h3>\n<ul>\n<li><a href=\"https:\/\/twojdoktor.eu\/pliki_do_pobrania\/Twoja%20ci%C4%85%C5%BCa%20tydzie%C5%84%20po%20tygodniu.pdf\"><strong>Twoja cia\u0328z\u0307a tydzien\u0301 po tygodniu<\/strong><\/a><\/li>\n<li>\n<p class=\"p1\"><a href=\"https:\/\/twojdoktor.eu\/pliki_do_pobrania\/Informator%20dla%20pacjent%C3%B3w%20-%20badanie%20dro%C5%BCno%C5%9Bci%20jajowod%C3%B3w.pdf\"><strong>Informator dla pacjent\u00f3w &#8211; badanie dro\u017cno\u015bci jajowod\u00f3w<\/strong><\/a><\/p>\n<\/li>\n<li>\n<p class=\"p1\"><a href=\"https:\/\/twojdoktor.eu\/pliki_do_pobrania\/Informator%20dla%20pacjent%C3%B3w%20-%20Implanon%20NXT.pdf\"><strong>Informator dla pacjent\u00f3w &#8211; Implanon NXT<\/strong><\/a><\/p>\n<\/li>\n<li>\n<p class=\"p1\"><a href=\"https:\/\/twojdoktor.eu\/pliki_do_pobrania\/Informator%20dla%20pacjent%C3%B3w%20-%20leczenie%20guzk%C3%B3w%20krwawniczych%20%28hemoroid%C3%B3w%29%20metod%C4%85%20skleroterapii.pdf\"><strong>Informator dla pacjent\u00f3w &#8211; leczenie guzk\u00f3w krwawniczych (hemoroid\u00f3w) metod\u0105 skleroterapii<\/strong><\/a><\/p>\n<\/li>\n<li>\n<p class=\"p1\"><a href=\"https:\/\/twojdoktor.eu\/pliki_do_pobrania\/Informator%20dla%20pacjent%C3%B3w%20-%20leczenie%20zmian%20metod%C4%85%20krioterapii.pdf\"><strong>Informator dla pacjent\u00f3w &#8211; leczenie zmian metod\u0105 krioterapii<\/strong><\/a><\/p>\n<\/li>\n<li>\n<p class=\"p1\"><a href=\"https:\/\/twojdoktor.eu\/pliki_do_pobrania\/Informator%20dla%20pacjent%C3%B3w%20-%20mezoterapia%20sk%C3%B3ry%20g%C5%82owy.pdf\"><strong>Informator dla pacjent\u00f3w &#8211; mezoterapia sk\u00f3ry g\u0142owy<\/strong><\/a><\/p>\n<\/li>\n<li>\n<p class=\"p1\"><a href=\"https:\/\/twojdoktor.eu\/pliki_do_pobrania\/Informator%20dla%20pacjent%C3%B3w%20-%20niehormonalne%20wk%C5%82adki%20domaciczne.pdf\"><strong>Informator dla pacjent\u00f3w &#8211; niehormonalne wk\u0142adki domaciczne<\/strong><\/a><\/p>\n<\/li>\n<li>\n<p class=\"p1\"><a href=\"https:\/\/twojdoktor.eu\/pliki_do_pobrania\/Informator%20dla%20pacjent%C3%B3w%20-%20systemy%20hormonalne%20Mirena%20i%20Kylena.pdf\"><strong>Informator dla pacjent\u00f3w &#8211; systemy hormonalne Mirena i Kylena<\/strong><\/a><\/p>\n<\/li>\n<li>\n<p class=\"p1\"><a href=\"https:\/\/twojdoktor.eu\/pliki_do_pobrania\/Informator%20dla%20pacjent%C3%B3w%20-%20usuwanie%20zmian%20przy%20u%C5%BCyciu%20lasera%20CO2.pdf\"><strong>Informator dla pacjent\u00f3w &#8211; usuwanie zmian przy u\u017cyciu lasera CO2<\/strong><\/a><\/p>\n<\/li>\n<li><a href=\"https:\/\/twojdoktor.eu\/pliki_do_pobrania\/Informator%20dla%20pacjent%C3%B3w%20-%20Mona%20Lisa%20Touch.pdf\"><strong>Informator dla pacjent\u00f3w &#8211; MonaLisa<\/strong><\/a><\/li>\n<li style=\"text-align: left;\"><a href=\"https:\/\/twojdoktor.eu\/pliki_do_pobrania\/INFORMACJA%20DLA%20PACJENTKI%20LECZENIE%20NIEWYDOLNO%C5%9ACI%20CIESNIOWO-%20SZYJKOWEJ%20POPRZEZ%20ZASTOSOWANIE%20PESSARA%20KO%C5%81NIERZYKOWEGO%20SZYJKI%20MACICY%20.pdf\"><strong>Informator dla pacjent\u00f3w &#8211; leczenie niewydolno\u015bci cie\u015bniowo-szyjkowej poprzez zastosowanie pessara ko\u0142nierzykowego szyjki macicy<\/strong><\/a><\/li>\n<li><strong><a href=\"https:\/\/twojdoktor.eu\/pliki_do_pobrania\/Informator%20i%20zgoda%20dla%20pacjenta-%20epilacja%20laserowa%20Motus.pdf\">Informator dla pacjent\u00f3w &#8211; epilacja laserowa<\/a><\/strong><\/li>\n<li><a href=\"https:\/\/twojdoktor.eu\/pliki_do_pobrania\/Informator%20dla%20pacjent%C3%B3w%20-%20Zaffiro.pdf\"><strong>Informator dla pacjent\u00f3w &#8211;\u00a0termolifting\u00a0ZAFFIRO<\/strong><\/a><\/li>\n<li><a href=\"https:\/\/twojdoktor.eu\/pliki_do_pobrania\/Informator%20i%20zgoda%20dla%20pacjenta-%20Labioplastyka.pdf\"><strong>Informator dla pacjent\u00f3w &#8211; labioplastyka<\/strong><\/a><\/li>\n<li><a href=\"https:\/\/twojdoktor.eu\/pliki_do_pobrania\/Informator%20dla%20pacjent%C3%B3w%20-%20defloracja.pdf\"><strong>Informator dla pacjent\u00f3w &#8211; defloracja<\/strong><\/a><\/li>\n<li><a href=\"https:\/\/twojdoktor.eu\/pliki_do_pobrania\/Informator%20i%20zgoda%20dla%20pacjenta%20-%20Pessar%20w%20ci%C4%85%C5%BCy.pdf\"><strong>Informator dla pacjent\u00f3w &#8211; Pessar w ci\u0105\u017cy<\/strong><\/a><\/li>\n<li><a href=\"https:\/\/twojdoktor.eu\/pliki_do_pobrania\/Informator_i_zgoda_dla_pacjenta_-_Kobido_Up.pdf\" target=\"_blank\" rel=\"noopener\"><strong>Informator dla pacjent\u00f3w &#8211; Kobido Up<\/strong><\/a><\/li>\n<li><a href=\"https:\/\/twojdoktor.eu\/pliki_do_pobrania\/Informator_dla_pacjentow_gynatren.pdf\"><strong>Informator dla pacjent\u00f3w &#8211; Gynatren<\/strong><\/a><\/li>\n<li><a href=\"https:\/\/twojdoktor.eu\/pliki_do_pobrania\/Karta_szczepienia_Gardasil.pdf\"><strong>Karta szczepie\u0144 &#8211; Gardasil<\/strong><\/a><\/li>\n<li><a href=\"https:\/\/twojdoktor.eu\/pliki_do_pobrania\/Karta_szczepienia_ogolna.pdf\"><strong>Karta szczepie\u0144 og\u00f3lna<\/strong><\/a><\/li>\n<li><a href=\"https:\/\/twojdoktor.eu\/pliki_do_pobrania\/Formularz-do-wykonania-badania-EndomKIT.pdf\"><strong>Formularz do wykonania badania EndomKIT<\/strong><\/a><\/li>\n<\/ul>\n<h3><strong>Pozosta\u0142e dokumenty:<\/strong><\/h3>\n<ul>\n<li><strong>Polityka prywatno\u015bci &#8211; RODO<\/strong><\/li>\n<\/ul>\n<p>[\/et_pb_text][\/et_pb_column][\/et_pb_row][\/et_pb_section][et_pb_section fb_built=&#8221;1&#8243; admin_label=&#8221;Footer&#8221; _builder_version=&#8221;3.22&#8243; background_color=&#8221;rgba(129,21,211,0.73)&#8221; custom_padding=&#8221;120px||120px||false|false&#8221; top_divider_height=&#8221;660px&#8221; top_divider_flip=&#8221;horizontal&#8221; bottom_divider_style=&#8221;clouds2&#8243; bottom_divider_color=&#8221;rgba(255,255,255,0.08)&#8221; bottom_divider_height=&#8221;600px&#8221; bottom_divider_flip=&#8221;vertical&#8221; locked=&#8221;off&#8221; collapsed=&#8221;on&#8221;][et_pb_row _builder_version=&#8221;3.25&#8243;][et_pb_column type=&#8221;4_4&#8243; _builder_version=&#8221;3.25&#8243; custom_padding=&#8221;|||&#8221; custom_padding__hover=&#8221;|||&#8221;][et_pb_image src=&#8221;https:\/\/twojdoktor.eu\/wp-content\/uploads\/2019\/03\/061-medical-care.png&#8221; align=&#8221;center&#8221; align_tablet=&#8221;center&#8221; align_phone=&#8221;&#8221; align_last_edited=&#8221;on|desktop&#8221; _builder_version=&#8221;3.23&#8243; max_width=&#8221;10%&#8221; locked=&#8221;off&#8221;][\/et_pb_image][et_pb_text _builder_version=&#8221;3.27.4&#8243; text_font=&#8221;Montserrat||||||||&#8221; header_font=&#8221;||||||||&#8221; header_2_font=&#8221;Montserrat|300|||||||&#8221; header_2_text_align=&#8221;center&#8221; header_2_font_size=&#8221;50px&#8221; header_2_line_height=&#8221;1.4em&#8221; text_orientation=&#8221;center&#8221; background_layout=&#8221;dark&#8221; header_2_font_size_tablet=&#8221;&#8221; header_2_font_size_phone=&#8221;30px&#8221; header_2_font_size_last_edited=&#8221;on|phone&#8221; header_2_line_height_tablet=&#8221;1.4em&#8221; header_2_line_height_phone=&#8221;&#8221; header_2_line_height_last_edited=&#8221;on|desktop&#8221;]<\/p>\n<h2>Troska o Wasze zdrowie jest naszym powo\u0142aniem.<\/h2>\n<p>[\/et_pb_text][\/et_pb_column][\/et_pb_row][et_pb_row column_structure=&#8221;1_3,1_3,1_3&#8243; _builder_version=&#8221;3.25&#8243;][et_pb_column type=&#8221;1_3&#8243; _builder_version=&#8221;3.25&#8243; custom_padding=&#8221;|||&#8221; custom_padding__hover=&#8221;|||&#8221;][et_pb_blurb title=&#8221;+48 607 811 991 <br \/> +48 887 811 991&#8243; use_icon=&#8221;on&#8221; font_icon=&#8221;%%264%%&#8221; use_circle=&#8221;on&#8221; circle_color=&#8221;#ffffff&#8221; icon_placement=&#8221;left&#8221; use_icon_font_size=&#8221;on&#8221; icon_font_size=&#8221;16px&#8221; _builder_version=&#8221;4.3.4&#8243; header_font=&#8221;Montserrat||||||||&#8221; header_text_color=&#8221;#ffffff&#8221; header_font_size=&#8221;20px&#8221; header_line_height=&#8221;1.7em&#8221;][\/et_pb_blurb][\/et_pb_column][et_pb_column type=&#8221;1_3&#8243; _builder_version=&#8221;3.25&#8243; custom_padding=&#8221;|||&#8221; custom_padding__hover=&#8221;|||&#8221;][et_pb_blurb title=&#8221;<a href=mailto:gabinety@twojdoktor.eu>gabinety@twojdoktor.eu<a>&#8221; use_icon=&#8221;on&#8221; font_icon=&#8221;%%238%%&#8221; use_circle=&#8221;on&#8221; circle_color=&#8221;#ffffff&#8221; icon_placement=&#8221;left&#8221; use_icon_font_size=&#8221;on&#8221; icon_font_size=&#8221;16px&#8221; _builder_version=&#8221;3.18.7&#8243; header_font=&#8221;Montserrat||||||||&#8221; header_text_color=&#8221;#ffffff&#8221; header_font_size=&#8221;20px&#8221; header_line_height=&#8221;1.7em&#8221; locked=&#8221;off&#8221;][\/et_pb_blurb][\/et_pb_column][et_pb_column type=&#8221;1_3&#8243; _builder_version=&#8221;3.25&#8243; custom_padding=&#8221;|||&#8221; custom_padding__hover=&#8221;|||&#8221;][et_pb_blurb title=&#8221;ul. Oliwkowa 35, <br \/>80-175 Gda\u0144sk&#8221; use_icon=&#8221;on&#8221; font_icon=&#8221;%%249%%&#8221; use_circle=&#8221;on&#8221; circle_color=&#8221;#ffffff&#8221; icon_placement=&#8221;left&#8221; use_icon_font_size=&#8221;on&#8221; icon_font_size=&#8221;16px&#8221; _builder_version=&#8221;3.18.7&#8243; header_font=&#8221;Montserrat||||||||&#8221; header_text_color=&#8221;#ffffff&#8221; header_font_size=&#8221;20px&#8221; header_line_height=&#8221;1.7em&#8221; locked=&#8221;off&#8221;][\/et_pb_blurb][\/et_pb_column][\/et_pb_row][\/et_pb_section]<\/p>\n","protected":false},"excerpt":{"rendered":"<p>[et_pb_section fb_built=&#8221;1&#8243; use_custom_gutter=&#8221;on&#8221; specialty=&#8221;on&#8221; padding_top_2=&#8221;20px&#8221; padding_right_2=&#8221;5%&#8221; padding_2_tablet=&#8221;0px|10%||10%||true&#8221; padding_2_phone=&#8221;&#8221; padding_2_last_edited=&#8221;on|tablet&#8221; admin_label=&#8221;Ginekologia&#8221; _builder_version=&#8221;3.22&#8243; inner_width=&#8221;100%&#8221; inner_max_width=&#8221;100%&#8221; custom_padding=&#8221;0|0px|54px|0px|false|false&#8221; use_custom_width=&#8221;on&#8221; width_unit=&#8221;off&#8221; custom_width_percent=&#8221;100%&#8221; locked=&#8221;off&#8221; collapsed=&#8221;off&#8221;][et_pb_column type=&#8221;1_3&#8243; _builder_version=&#8221;3.25&#8243; custom_padding=&#8221;|||&#8221; parallax__hover=&#8221;off&#8221; parallax_method__hover=&#8221;on&#8221; custom_padding__hover=&#8221;|||&#8221;][et_pb_image src=&#8221;https:\/\/twojdoktor.eu\/wp-content\/uploads\/2020\/03\/80391541_s.jpg&#8221; force_fullwidth=&#8221;on&#8221; align_tablet=&#8221;center&#8221; align_phone=&#8221;&#8221; align_last_edited=&#8221;on|desktop&#8221; module_id=&#8221;toggledoctors&#8221; _builder_version=&#8221;4.3.4&#8243; custom_margin=&#8221;|||&#8221; custom_padding=&#8221;|||&#8221; animation_style=&#8221;slide&#8221; animation_direction=&#8221;right&#8221; animation_intensity_slide=&#8221;5%&#8221; border_radii=&#8221;||30px|15vw|&#8221; border_color_all=&#8221;rgba(129,21,211,0.73)&#8221; border_width_bottom=&#8221;2vw&#8221; box_shadow_style=&#8221;preset3&#8243; box_shadow_vertical=&#8221;30px&#8221; box_shadow_blur=&#8221;80px&#8221; box_shadow_spread=&#8221;-30px&#8221; box_shadow_color=&#8221;rgba(102,141,186,0.7)&#8221; locked=&#8221;off&#8221;][\/et_pb_image][\/et_pb_column][et_pb_column type=&#8221;2_3&#8243; specialty_columns=&#8221;2&#8243; _builder_version=&#8221;3.25&#8243; custom_padding=&#8221;|||&#8221; padding_tablet__hover=&#8221;0px|10%||10%||true&#8221; padding_last_edited__hover=&#8221;on|tablet&#8221; padding_right__hover=&#8221;5%&#8221; padding_top__hover=&#8221;20px&#8221; parallax__hover=&#8221;off&#8221; [&hellip;]<\/p>\n","protected":false},"author":1,"featured_media":0,"parent":0,"menu_order":0,"comment_status":"closed","ping_status":"closed","template":"","meta":{"_et_pb_use_builder":"on","_et_pb_old_content":"","_et_gb_content_width":"","footnotes":""},"class_list":["post-1712","page","type-page","status-publish","hentry"],"_links":{"self":[{"href":"https:\/\/twojdoktor.eu\/index.php\/wp-json\/wp\/v2\/pages\/1712"}],"collection":[{"href":"https:\/\/twojdoktor.eu\/index.php\/wp-json\/wp\/v2\/pages"}],"about":[{"href":"https:\/\/twojdoktor.eu\/index.php\/wp-json\/wp\/v2\/types\/page"}],"author":[{"embeddable":true,"href":"https:\/\/twojdoktor.eu\/index.php\/wp-json\/wp\/v2\/users\/1"}],"replies":[{"embeddable":true,"href":"https:\/\/twojdoktor.eu\/index.php\/wp-json\/wp\/v2\/comments?post=1712"}],"version-history":[{"count":46,"href":"https:\/\/twojdoktor.eu\/index.php\/wp-json\/wp\/v2\/pages\/1712\/revisions"}],"predecessor-version":[{"id":4625,"href":"https:\/\/twojdoktor.eu\/index.php\/wp-json\/wp\/v2\/pages\/1712\/revisions\/4625"}],"wp:attachment":[{"href":"https:\/\/twojdoktor.eu\/index.php\/wp-json\/wp\/v2\/media?parent=1712"}],"curies":[{"name":"wp","href":"https:\/\/api.w.org\/{rel}","templated":true}]}}